t k be t(13). Suppose -3411 = -k*o + 2097. Calculate the highest common factor of 36 and o.
36
Suppose -h = -3, 9*h - 179 = -k + 8*h. Suppose 0 = -2*b - 3*b + 80. Calculate the highest common divisor of b and k.
16
Suppose -o - 918 = -7*o. Let a be 4 - -5 - 135/(-15). Calculate the greatest common divisor of a and o.
9
Let w(d) = -4*d**2 - 83*d - 122. Let a be w(-19). Calculate the highest common factor of 1397 and a.
11
Let y = 59 + -29. Let t = -1063 - -1393. What is the highest common factor of t and y?
30
Let a = 16033 + -15484. Calculate the greatest common factor of a and 18.
9
Let p(t) = t**3 - 7*t**2 + 14*t - 46. Let d be p(6). Suppose 5*i = 2*g - 49, 0 = -5*g + 2*g - d*i + 102. Calculate the highest common factor of 160 and g.
32
Let o(n) = n**2 - 3*n + 1. Let h be o(7). Suppose -155*t - 219*t - 28271 = -125885. Calculate the highest common divisor of t and h.
29
Let n(y) = -y**2 + 7*y + 10. Let c(a) = -2*a**3 + a - 65. Let j be c(0). Let l = -57 - j. Let d be n(l). Calculate the greatest common divisor of 2 and d.
2
Let w be 2/(28/(-10)) - (-6)/(-21). Let k be (w/(-4) + 9/12)/(-1). Let n(q) = -44*q - 5. Let f be n(k). Calculate the highest common divisor of f and 104.
13
Let i be (-2618)/(-8) - (-10)/(-40). Calculate the highest common divisor of i and 2071.
109
Suppose -2*h - 15 = -5*h. Let r(w) = 0*w - 1 + 4*w**2 - 10*w + 6 - w**2. Let p be r(h). Calculate the highest common divisor of 10 and p.
10
Let x(n) = -22*n - 15. Let l be x(-6). Let d = l - 84. Suppose -u + 5*v - 317 = -4*u, -2*v = -3*u + 289. What is the greatest common divisor of u and d?
33
Let f(q) = -262*q - 6495. Let x be f(-25). Calculate the highest common divisor of x and 11.
11
Suppose 4*u - 5*u = -26. What is the greatest common factor of 4160 and u?
26
Let q(f) = -f**2 - 7*f. Let v be q(-5). Let z(t) = -77*t - 1227. Let s be z(-16). What is the highest common factor of v and s?
5
Suppose 7*n - 83 = 519. Suppose 0 = 80*i - n*i + 234. What is the greatest common factor of i and 182?
13
Let g(c) be the first derivative of 15*c**2/2 - 10*c + 18. Let t be g(5). Let y = -51 + t. What is the highest common factor of y and 7?
7
Suppose -2*d + 4*m + 72 = 0, -3*d + 27*m + 68 = 29*m. What is the greatest common divisor of 247 and d?
13
Suppose -39*x - 11*x + 677 = -1723. Calculate the highest common divisor of x and 1760.
16
Let p = 27 - 22. Suppose 1 + 9 = 5*u, -c - 4 = -p*u. Suppose -8*b = -c*b - 32. Calculate the highest common divisor of 2 and b.
2
Let g(z) = 360*z + 504. Let q be g(72). Calculate the highest common factor of q and 72.
72
Let n(m) = 37*m**2 - m. Let b be n(1). Let s be -6 - (0 + (40*(-21)/14)/1). What is the highest common divisor of b and s?
18
Let k(b) = b**3 + 4*b**2 - 95*b - 4. Let m be k(8). What is the greatest common divisor of m and 122?
2
Let u(l) = -l**2 - 14*l - 10. Let q be u(-5). Let g be (q/10 + -4)/((-1)/(-122)). Let f be g/(-3) - (-1)/(-3). What is the greatest common factor of f and 60?
20
Let f = 7653 - 7579. Calculate the greatest common divisor of f and 4033.
37
Suppose -7 = -8*k + 17. Suppose 4*c - 2*h = 162, -7*c + 183 = -k*c + 5*h. What is the highest common divisor of 28 and c?
14
Let z = 666 - 567. What is the greatest common factor of 1221 and z?
33
Let t be 9/6*((-780)/(-72))/(2/64). What is the highest common divisor of 440 and t?
40
Suppose 0 = 3*w - w - 8, -2*w - 2 = -t. Suppose 0 = -7*j - 724 - 179. Let d = -49 - j. What is the highest common divisor of d and t?
10
Suppose 3*m - 1616 - 93 = -f, 8 = 4*m. Calculate the highest common factor of f and 262.
131
Let q = 10966 - 6635. What is the greatest common divisor of 71 and q?
71
Suppose -n = 3*b - 3 + 36, -b - 3 = 3*n. Let z = 14 + b. Suppose 52 = -s + 4*s - 4*p, p = z. Calculate the highest common factor of s and 10.
10
Let h(c) = c + 75. Let i be (-30)/(-210) + 183/(-7). Let d be h(i). Let t be (1/(-2))/((-6)/(-36)) + d. What is the highest common divisor of 23 and t?
23
Suppose 0 = 4*a - 4*s - 1856, 5*a = 6*a + s - 474. Let m = a - 139. Calculate the greatest common factor of 30 and m.
30
Let c(a) be the second derivative of 21*a**5/20 - 5*a**4/12 + 4*a**3/3 - 3*a**2 + 51*a. Let z be c(3). What is the highest common factor of z and 24?
12
Suppose 15*g - 19*g + 287 = 5*x, 385 = 5*g + x. What is the greatest common factor of 342 and g?
6
Let u be (0 - (-12)/4)*218/6. Suppose -21*s + u = -17. Calculate the greatest common factor of 42 and s.
6
Suppose 0 = -445*i + 596*i - 6040. Suppose 5*j = 25, x + 0*j + 3*j = 75. What is the highest common factor of i and x?
20
Let a(n) = 2*n**2 + 5*n + 18. Let p be a(-4). Let u be 1 + (-5)/10*2 + p. What is the greatest common factor of u and 255?
15
Let v = 376 + -326. What is the highest common factor of v and 1070?
10
Let h(b) = 39*b**2 + 26*b - 89. Let n be h(3). Let m = n + -318. Calculate the highest common factor of m and 176.
22
Let n be (1/3)/((-34)/(-10200)). Let b be (-8120)/(-50) - 4/10. Let m = -87 + b. What is the greatest common factor of m and n?
25
Let g(d) = -52*d**2 + 501*d + 13. Let j be g(8). What is the highest common factor of j and 308?
77
Let l = 138 + -78. What is the greatest common factor of 7515 and l?
15
Let m = 6 - 2. Suppose -r - 5*j = -23, m*r - 4*j - 24 + 4 = 0. Suppose -5*s + 88*b + 29 = 89*b, 31 = s + 3*b. Calculate the greatest common divisor of r and s.
4
Let u = 93 - 45. Suppose 3*b - 3*a - 18 = 0, -5*b - 5 = 5*a + 5. Let o be b*6/(-5)*120/(-18). Calculate the highest common divisor of o and u.
16
Suppose -2*l = -x - 2336, -20*l = -22*l - 4*x + 2316. What is the highest common factor of 66 and l?
22
Suppose 8*j = 2*j + 198. Suppose -2*t = -2*r - 30, -5*t - j = 5*r - 98. What is the greatest common divisor of 98 and t?
14
Let o(x) = x**2 - 4*x + 22. Let w be o(8). Suppose 27*m - 18*m - w = 0. Suppose 9 = -i + 21. What is the highest common factor of m and i?
6
Let j(u) = -u**2 + 12*u + 8. Let m be j(10). Suppose -m*q - 7*q = -9765. What is the highest common divisor of q and 248?
31
Suppose d = -4*k - 72 - 3, -5*d = -5*k + 250. Let x = 15 - d. What is the greatest common factor of 14 and x?
14
Suppose 70*h - 49 = 25 - 4. Let u = 0 - -64. What is the greatest common factor of h and u?
1
Suppose -u = -5*j - 53, -8 - 2 = 2*j. Let c be (-785)/(-4) - ((-14)/8 - -2). Calculate the greatest common factor of u and c.
28
Let g = -29590 - -30160. What is the greatest common divisor of 25 and g?
5
Suppose -2*f = -16 - 12. Suppose 2*q = 4*l - 796, -158 = -l + 4*q + 41. Let p = l + -87. Calculate the highest common divisor of f and p.
14
Let q be ((-15)/315*7)/((-1)/546). Let a be (3 - -2)*(-4)/(-10). Suppose -4*i - a + 106 = 0. Calculate the highest common divisor of q and i.
26
Suppose 90 = 8*c - 54. Suppose -455 - 1651 = -c*s. Calculate the greatest common factor of s and 52.
13
Let n(v) = v**2 + 21*v + 24. Let w be n(-20). Let d(u) = 6*u**3 - 5*u**2 + 2*u + 10. Let a be d(w). Calculate the greatest common divisor of a and 46.
46
Let f = 527 + -301. Suppose -20 - f = -u + 3*l, -l - 1202 = -5*u. What is the greatest common divisor of u and 30?
30
Suppose -52*t = -76*t + 552. Calculate the greatest common factor of 5497 and t.
23
Suppose 0*s + 63 = s. Suppose -673*x - 392*x = -268380. What is the greatest common factor of s and x?
63
Suppose -9 - 1 = -w. Suppose 6*b + 208 = 262. Let c = 39 - b. Calculate the greatest common factor of c and w.
10
Let h(l) = -22*l - 56. Let v(f) = f**3 + 6*f**2 + 10*f + 8. Let b be v(-5). Let k be h(b). Calculate the greatest common factor of 6 and k.
6
Let f be ((-320)/15 + 21)/(2*(-2)/108732). What is the highest common divisor of 41 and f?
41
Let h = 26 + -11. Suppose 3*p - 12 = -4*t + 36, -p = t - h. Suppose -4 = 2*i + 2, i - 27 = -5*m. Calculate the greatest common factor of p and m.
6
Let p(z) = z**3 - 8*z**2 + z + 1. Let a be p(9). Let d be (0 - 3)/(5/(-65)). Calculate the greatest common divisor of a and d.
13
Suppose 229*c - 142071 = 2657. Calculate the greatest common factor of c and 72.
8
Let i be (91/26)/(70/160). Suppose 3*y + 12 - 60 = 0. What is the greatest common factor of i and y?
8
Let y(s) = -7*s + 18. Let c(v) = -11*v + 19. Let b(t) = -2*c(t) + 3*y(t). Let a be b(-4). Calculate the highest common factor of a and 324.
12
Let w be 175/(1/1) + (6 - 5). Sup